{"id":303,"date":"2024-12-02T14:33:23","date_gmt":"2024-12-02T13:33:23","guid":{"rendered":"https:\/\/www.pankow.band\/?page_id=303"},"modified":"2025-11-29T23:15:14","modified_gmt":"2025-11-29T22:15:14","slug":"die-neue-doppel-cdpankow-live-2023-und-1984","status":"publish","type":"page","link":"https:\/\/www.pankow.band\/?page_id=303","title":{"rendered":"Doppel-CD<br>PANKOW LIVE 2023 und 1984"},"content":{"rendered":"<p><img loading=\"lazy\" decoding=\"async\" class=\"wp-image-293 size-full alignnone\" src=\"https:\/\/www.pankow.band\/wp-content\/uploads\/2024\/12\/CD_front-1.jpg\" alt=\"Doppel-CD PANKOW live 2023 und 1984 mit 2 Bonustracks, Vorderseite\" width=\"650\" height=\"580\" \/><br \/><img loading=\"lazy\" decoding=\"async\" class=\"wp-image-317 size-full aligncenter\" src=\"https:\/\/www.pankow.band\/wp-content\/uploads\/2024\/12\/CD_back-1.jpg\" alt=\"Doppel-CD PANKOW live 2023 und 1984 mit 2 Bonustracks, R\u00fcckseite\" width=\"650\" height=\"580\" srcset=\"https:\/\/www.pankow.band\/wp-content\/uploads\/2024\/12\/CD_back-1.jpg 650w, https:\/\/www.pankow.band\/wp-content\/uploads\/2024\/12\/CD_back-1-300x268.jpg 300w\" sizes=\"auto, (max-width: 650px) 100vw, 650px\" \/><\/p>\n<p><strong>Ein Br\u00fcckenschlag von 1984 nach 2023:<\/strong><\/p>\n<p><strong>Konzert vom 19.11.2023 im Kesselhaus der<br \/>Kulturbrauerei, Berlin Prenzlauer Berg:<\/strong><\/p>\n<p>Stefan Dohanetz: Schlagzeug<br \/>Andreas (Kulle) Dziuk: Keyboards, Gesang<br \/>Andr\u00e9 Drechsler: Bass<br \/>Andr\u00e9 Herzberg: Gesang, Mundharmonika<br \/>J\u00fcrgen Ehle: Gitarre, Gesang<\/p>\n<p>Aufgenommen, gemischt und gemastert von J\u00f6rg Surrey.<\/p>\n<p>*2024 Bonustrack: BIS ZULETZT<\/p>\n<p>Andreas (Kulle) Dziuk: Piano, Orgel, Gesang<br \/>Andr\u00e9 Herzberg: Gesang<br \/>Stefan Dohanetz: Schlagzeug<br \/>Andr\u00e9 Drechsler: Bass<br \/>Jens Streifling: Saxophon<br \/>J\u00fcrgen Ehle: Gitarre, Gesang<\/p>\n<p>Aufgenommen von Thomas Harendt, Andreas Dziuk,<br \/>Jens Streifling und J\u00fcrgen Ehle,<br \/>Mix: J\u00fcrgen Ehle, Master: J\u00f6rg Surrey.<br \/>_______________________________<\/p>\n<p><strong>Konzert vom 22.08.1984<br \/>im Kino Theater der Freundschaft, Magdeburg:<\/strong><\/p>\n<p>Frank Hille (\u2020): Schlagzeug, Gesang<br \/>Rainer Kirchmann: Keyboards, Gitarre, Gesang<br \/>J\u00e4cki Reznicek: Bass<br \/>Andr\u00e9 Herzberg: Gesang<br \/>J\u00fcrgen Ehle: Gitarre, Gesang<\/p>\n<p>F\u00fcr den Rundfunk der DDR aufgenommen und gemischt<br \/>von Klaus K\u00fchne, Produktion: Luise Mirsch,<br \/>Master(2024): J\u00f6rg Surrey.<\/p>\n<p>*2024 Bonustrack: BIS ZULETZT (unplugged version)<\/p>\n<p>Andreas (Kulle) Dziuk: Piano, Gesang<br \/>Andr\u00e9 Herzberg: Gesang, Mundharmonika<br \/>Stefan Dohanetz: Djembe, Perkussion<br \/>J\u00fcrgen Ehle: Oktavmandoline, Gesang<\/p>\n<p>Aufgenommen von Andreas Dziuk, Karl Neukauf und<br \/>J\u00fcrgen Ehle, Mix: Andreas Dziuk, Master: J\u00f6rg Surrey.<\/p>\n<p>BuschFunk 2024<\/p>\n","protected":false},"excerpt":{"rendered":"<p>Ein Br\u00fcckenschlag von 1984 nach 2023: Konzert vom 19.11.2023 im Kesselhaus derKulturbrauerei, Berlin Prenzlauer Berg: Stefan Dohanetz: SchlagzeugAndreas (Kulle) Dziuk: Keyboards, GesangAndr\u00e9 Drechsler: BassAndr\u00e9 Herzberg: Gesang, MundharmonikaJ\u00fcrgen Ehle: Gitarre, Gesang [&hellip;]<\/p>\n","protected":false},"author":1,"featured_media":0,"parent":0,"menu_order":0,"comment_status":"closed","ping_status":"closed","template":"blank","meta":{"_EventAllDay":false,"_EventTimezone":"","_EventStartDate":"","_EventEndDate":"","_EventStartDateUTC":"","_EventEndDateUTC":"","_EventShowMap":false,"_EventShowMapLink":false,"_EventURL":"","_EventCost":"","_EventCostDescription":"","_EventCurrencySymbol":"","_EventCurrencyCode":"","_EventCurrencyPosition":"","_EventDateTimeSeparator":"","_EventTimeRangeSeparator":"","_EventOrganizerID":[],"_EventVenueID":[],"_OrganizerEmail":"","_OrganizerPhone":"","_OrganizerWebsite":"","_VenueAddress":"","_VenueCity":"","_VenueCountry":"","_VenueProvince":"","_VenueState":"","_VenueZip":"","_VenuePhone":"","_VenueURL":"","_VenueStateProvince":"","_VenueLat":"","_VenueLng":"","_VenueShowMap":false,"_VenueShowMapLink":false,"footnotes":""},"class_list":["post-303","page","type-page","status-publish","hentry"],"_links":{"self":[{"href":"https:\/\/www.pankow.band\/index.php?rest_route=\/wp\/v2\/pages\/303","targetHints":{"allow":["GET"]}}],"collection":[{"href":"https:\/\/www.pankow.band\/index.php?rest_route=\/wp\/v2\/pages"}],"about":[{"href":"https:\/\/www.pankow.band\/index.php?rest_route=\/wp\/v2\/types\/page"}],"author":[{"embeddable":true,"href":"https:\/\/www.pankow.band\/index.php?rest_route=\/wp\/v2\/users\/1"}],"replies":[{"embeddable":true,"href":"https:\/\/www.pankow.band\/index.php?rest_route=%2Fwp%2Fv2%2Fcomments&post=303"}],"version-history":[{"count":17,"href":"https:\/\/www.pankow.band\/index.php?rest_route=\/wp\/v2\/pages\/303\/revisions"}],"predecessor-version":[{"id":403,"href":"https:\/\/www.pankow.band\/index.php?rest_route=\/wp\/v2\/pages\/303\/revisions\/403"}],"wp:attachment":[{"href":"https:\/\/www.pankow.band\/index.php?rest_route=%2Fwp%2Fv2%2Fmedia&parent=303"}],"curies":[{"name":"wp","href":"https:\/\/api.w.org\/{rel}","templated":true}]}}